the prime factors of 895935.
3, 5, 59729
List the prime factors of 122385.
3, 5, 41, 199
List the prime factors of 209274.
2, 3, 13, 2683
List the prime factors of 277962.
2, 3, 46327
What are the prime factors of 60488?
2, 7561
What are the prime factors of 12046207?
59, 204173
What are the prime factors of 686002?
2, 71, 4831
List the prime factors of 5414332.
2, 7, 11, 17579
List the prime factors of 91247.
13, 7019
List the prime factors of 391688.
2, 11, 4451
What are the prime factors of 117986?
2, 11, 31, 173
What are the prime factors of 1283767?
1283767
What are the prime factors of 5956237?
7, 850891
What are the prime factors of 10097?
23, 439
What are the prime factors of 178243?
13, 13711
What are the prime factors of 634114?
2, 13, 29
What are the prime factors of 16877922?
2, 3, 971, 2897
List the prime factors of 704988.
2, 3, 19583
List the prime factors of 237745.
5, 17, 2797
List the prime factors of 253909.
253909
What are the prime factors of 241798?
2, 120899
List the prime factors of 2238657.
3, 47, 15877
What are the prime factors of 21757716?
2, 3, 41, 14741
What are the prime factors of 5182407?
3, 367, 523
What are the prime factors of 4868365?
5, 83, 11731
List the prime factors of 988491.
3, 7, 103, 457
What are the prime factors of 86004?
2, 3, 2389
List the prime factors of 398497.
11, 17, 2131
What are the prime factors of 8343?
3, 103
What are the prime factors of 9954337?
29, 343253
What are the prime factors of 3577647?
3, 1192549
What are the prime factors of 378514?
2, 189257
List the prime factors of 2037410.
2, 5, 79, 2579
What are the prime factors of 1486087?
1486087
List the prime factors of 7821000.
2, 3, 5, 11, 79
List the prime factors of 643368.
2, 3, 11, 2437
What are the prime factors of 3088219?
3088219
What are the prime factors of 1604607?
3, 19, 28151
What are the prime factors of 238810?
2, 5, 11, 13, 167
List the prime factors of 150566.
2, 13, 5791
What are the prime factors of 625694?
2, 269, 1163
What are the prime factors of 793101?
3, 17, 15551
What are the prime factors of 3187131?
3, 139, 7643
What are the prime factors of 70367?
11, 6397
List the prime factors of 365687.
7, 17, 439
List the prime factors of 1363588.
2, 340897
List the prime factors of 4051163.
113, 35851
What are the prime factors of 2234375?
5, 11, 13
List the prime factors of 111196.
2, 27799
List the prime factors of 413013.
3, 31, 4441
What are the prime factors of 2643213?
3, 881071
List the prime factors of 2129262.
2, 3, 354877
What are the prime factors of 595996?
2, 37, 4027
What are the prime factors of 8613005?
5, 1722601
List the prime factors of 435426.
2, 3, 31, 2341
What are the prime factors of 2377?
2377
List the prime factors of 8690754.
2, 3, 107, 13537
What are the prime factors of 11623652?
2, 83, 157, 223
What are the prime factors of 935354?
2, 7, 71, 941
What are the prime factors of 60060?
2, 3, 5, 7, 11, 13
What are the prime factors of 5061648?
2, 3, 17, 6203
What are the prime factors of 663503?
41, 16183
List the prime factors of 78593.
78593
List the prime factors of 1648101.
3, 7, 13, 6037
What are the prime factors of 10993708?
2, 11, 249857
What are the prime factors of 162103?
47, 3449
List the prime factors of 232235.
5, 46447
What are the prime factors of 3553?
11, 17, 19
What are the prime factors of 12471177?
3, 79, 101, 521
What are the prime factors of 128261?
7, 73, 251
List the prime factors of 5588293.
967, 5779
What are the prime factors of 370816?
2, 2897
What are the prime factors of 4185425?
5, 23, 29, 251
What are the prime factors of 275281?
17, 16193
List the prime factors of 98052.
2, 3, 8171
What are the prime factors of 601640?
2, 5, 13, 89
List the prime factors of 14799.
3, 4933
What are the prime factors of 813495?
3, 5, 193, 281
What are the prime factors of 400313?
400313
List the prime factors of 6554929.
191, 34319
What are the prime factors of 3096718?
2, 1548359
What are the prime factors of 37342268?
2, 17, 32303
What are the prime factors of 381557?
11, 34687
What are the prime factors of 381529?
381529
List the prime factors of 80337.
3, 61, 439
List the prime factors of 2050862.
2, 11, 73, 1277
List the prime factors of 2571446.
2, 23, 55901
What are the prime factors of 909640?
2, 5, 22741
List the prime factors of 738281.
673, 1097
What are the prime factors of 11054023?
83, 97, 1373
List the prime factors of 2084728.
2, 37, 7043
List the prime factors of 1682762.
2, 17, 43, 1151
List the prime factors of 27963.
3, 13, 239
What are the prime factors of 22796332?
2, 13, 438391
List the prime factors of 188041.
7, 26863
List the prime factors of 20365436.
2, 7, 13, 55949
List the prime factors of 118000.
2, 5, 59
What are the prime factors of 224403?
3, 131, 571
List the prime factors of 337982.
2, 168991
List the prime factors of 558268.
2, 233, 599
List the prime factors of 503613.
3, 11, 5087
List the prime factors of 270277.
7, 38611
What are the prime factors of 437997?
3, 7, 20857
What are the prime factors of 34993782?
2, 3, 19, 11369
List the prime factors of 32606262.
2, 3, 13, 139343
What are the prime factors of 7235858?
2, 7, 516847
List the prime factors of 13250835.
3, 5, 13, 22651
What are the prime factors of 15413497?
11, 37, 37871
List the prime factors of 1133662.
2, 17, 33343
List the prime factors of 286196.
2, 71549
List the prime factors of 7847527.
2467, 3181
List the prime factors of 259059.
3, 86353
List the prime factors of 7414628.
2, 13, 142589
What are the prime factors of 1943322?
2, 3, 419, 773
What are the prime factors of 300684?
2, 3, 25057
What are the prime factors of 1607168?
2, 43, 73
List the prime factors of 534149.
7, 11, 991
What are the prime factors of 120245?
5, 24049
What are the prime factors of 2401140?
2, 3, 5, 7, 5717
What are the prime factors of 1694330?
2, 5, 11, 73, 211
What are the prime factors of 694548?
2, 3, 59, 109
What are the prime factors of 2571526?
2, 1285763
What are the prime factors of 4140939?
3, 11, 29, 4327
List the prime factors of 1095321.
3, 365107
What are the prime factors of 458757?
3, 13, 1307
List the prime factors of 74898.
2, 3, 19, 73
What are the prime factors of 217482?
2, 3, 67, 541
List the prime factors of 1011710.
2, 5, 7, 97, 149
What are the prime factors of 995337?
3, 7, 37, 61
List the prime factors of 189406.
2, 7, 83, 163
List the prime factors of 2111689.
17, 31, 4007
What are the prime factors of 17016297?
3, 23, 246613
What are the prime factors of 550902?
2, 3, 11, 17, 491
What are the prime factors of 28201240?
2, 5, 705031
List the prime factors of 680310.
2, 3, 5, 7559
List the prime factors of 26798787.
3, 31, 96053
What are the prime factors of 23448840?
2, 3, 5, 195407
What are the prime factors of 4590665?
5, 263, 3491
What are the prime factors of 755496?
2, 3, 7, 1499
List the prime factors of 13911215.
5, 83, 33521
List the prime factors of 36170531.
36170531
What are the prime factors of 34113347?
23, 761, 1949
List the prime factors of 17099920.
2, 5, 37, 53, 109
What are the prime factors of 155882?
2, 41, 1901
List the prime factors of 8441223.
3, 7, 541, 743
List the prime factors of 7352343.
3, 307, 887
List the prime factors of 578394.
2, 3, 10711
What are the prime factors of 12890423?
7, 13, 141653
What are the prime factors of 11670344?
2, 7, 271, 769
What are the prime factors of 32624229?
3, 11, 43, 83, 277
What are the prime factors of 17949983?
59, 307, 991
What are the prime factors of 3602726?
2, 1801363
What are the prime factors of 99959?
19, 5261
What are the prime factors of 30004710?
2, 3, 5, 617, 1621
What are the prime factors of 3276409?
3276409
List the prime factors of 1181056.
2, 9227
What are the prime factors of 1522959?
3, 373, 1361
List the prime factors of 34207001.
34207001
What are the prime factors of 118786?
2, 59393
What are the prime factors of 2371594?
2, 1185797
List the prime factors of 3505830.
2, 3, 5, 137, 853
What are the prime factors of 1464499?
17, 277, 311
What are the prime factors of 1044351?
3, 7, 11, 137
List the prime factors of 1231090.
2, 5, 7, 43, 409
What are the prime factors of 246776?
2, 109, 283
List the prime factors of 6696959.
6696959
What are the prime factors of 18871?
113,